by b*(-4)/(-12) + 0.
1
Calculate the remainder when 4031 is divided by -28*(726/(-77))/11.
23
Suppose -85*k + 30*k + 307 = -298. What is the remainder when 3/((-3)/150*-2) is divided by k?
9
Let p(n) = -n**2 - 33*n - 1. Let t be p(-30). Let h(r) = -3*r + t - 72 + 4*r. What is the remainder when 23 is divided by h(-12)?
3
Suppose 4*i - t - 19 = 0, -4*t - 21 = -4*i - i. Calculate the remainder when 114 is divided by (i/60*116)/((-3)/(-9)).
27
Let d = -176 + 58. Let a = d + 194. Let q = -65 + a. What is the remainder when 53 is divided by q?
9
Suppose 2*x - w - 9662 = -x, -5*w - 9682 = -3*x. Calculate the remainder when x is divided by 1605.
9
Let i = -3564 + 4058. What is the remainder when i is divided by 107?
66
Let m(l) = l**2 + 61*l + 668. Calculate the remainder when m(-48) is divided by 11.
0
Let x(k) = -6 - 5145*k**3 + 2*k + 5144*k**3 - 4*k**2 + 3*k**2. Let f(v) = -v**2 + 4*v - 4. Let s be f(4). Calculate the remainder when x(s) is divided by 5.
4
Let f = 149 - 1066. Let w = -490 - f. What is the remainder when w is divided by 43?
40
Let f = -243 + 309. What is the remainder when 316 is divided by f?
52
Let u(d) = 12*d + 558. Calculate the remainder when u(75) is divided by 46.
32
Let p = -1467 + 850. Let a = -587 - p. Calculate the remainder when 57 is divided by a.
27
Suppose 157*x - 152*x = 455. Let i = x + -44. What is the remainder when i is divided by 12?
11
Let d(g) = 95*g - 68. Let c be d(2). Suppose -c*s = -124*s + 98. Calculate the remainder when s is divided by 15.
4
Suppose 9*s + 23*s = 4914 + 1518. Calculate the remainder when s is divided by 53.
42
Suppose -217*y = -220*y + 24. Let a(h) = h**3 - 10*h**2 + 19*h + 28. What is the remainder when 152 is divided by a(y)?
48
Suppose 2*s + 42 = -0*x + x, 3*s - 57 = -x. Suppose 220 = x*z - 44*z. What is the remainder when 219 is divided by z?
54
Let q(f) = -f**3 + 22*f**2 - 14*f - 18. Calculate the remainder when q(19) is divided by 73.
69
Let p(b) = b**3 + 4*b**2 - 44*b + 46. What is the remainder when 263 is divided by p(6)?
121
Suppose 0 = 2*o - 4*c - 3666, 4*c - 7 + 3 = 0. Suppose o + 1589 = 8*x. What is the remainder when x is divided by 39?
38
Suppose -6*t - 232 = -2*t. Let m = -42 - t. Calculate the remainder when 0/(-1) - 216/(-8) is divided by m.
11
Suppose 13*x - 4*w + 12 = 11*x, 13 = -3*x + 5*w. Suppose x*c - 7*c + 3*o + 96 = 0, 0 = 2*c + 4*o - 70. What is the remainder when 105 is divided by c?
6
Suppose 0 = 2*f - 40564 + 37170. Calculate the remainder when f is divided by 212.
1
Let z(p) = p**3 + p**2 + 5. Suppose -804*x + 786*x = -450. What is the remainder when x is divided by z(0)?
0
Suppose 0 = 126*z - 5380 - 11541 - 52253. Calculate the remainder when z is divided by 203.
143
Let x be 366/(-6) - (0 + 5 + -1). Let d = 94 + x. Calculate the remainder when d is divided by 15.
14
Let m = -612 - -2012. What is the remainder when m is divided by 19?
13
Suppose -19*v = 13*v - 10*v - 113190. What is the remainder when v is divided by 99?
96
Suppose -38*l = -35*l - 3. Calculate the remainder when 51 is divided by (0 - l/2) + 28/8.
0
Let o be -7 + (-1 - -3850)/(-3). Calculate the remainder when 22/(264/o)*(-24)/10 is divided by 55.
38
Suppose -1280 = 51*s - 91*s. Suppose p - 6*p = -1270. Calculate the remainder when p is divided by s.
30
Let j be 0 + 4 + -4 + (19 - 6). Let q(u) = 24*u - 191. What is the remainder when q(j) is divided by 42?
37
Suppose 1343 + 3196 = 106*h + 161*h. Calculate the remainder when 9672 is divided by h.
16
Suppose -3*q + 208 = -77. Suppose -100*t + q*t + 65 = 0. What is the remainder when 18 is divided by t?
5
Suppose 48 - 408 = -10*p. Suppose 15*d - p = 11*d. Suppose 222 = -d*f + 15*f. What is the remainder when f is divided by 7?
2
Let k be (-5)/(-45)*3 - 670/(-6). Let b = k - 91. What is the remainder when -11*2/(-4)*14 is divided by b?
14
Suppose -4*t = -0*t - 240. Let b = -60 + t. Suppose f + 1 = b, 5*f + 59 = 4*s + 2*f. What is the remainder when 40 is divided by s?
12
Let q = 9 - -79. Let y = 246 - 166. Suppose -4*u - 5*p = -y, -p - 2*p + q = 4*u. Calculate the remainder when 97 is divided by u.
22
Let i(x) = -x**3 + 2*x**2 - 1340*x - 5436. Suppose 4*m = 8*m. Suppose -3*y - j + 181 = 2*y, y + 2*j - 29 = m. What is the remainder when y is divided by i(-4)?
17
Suppose 2*s = 3*u, -3*s + 7 = 2*s - 4*u. Suppose -3*g - 79 = 3*z - 8*z, -s*z + 3*g + 45 = 0. What is the remainder when z is divided by 79/9 - (-5)/(-45)*-2?
8
Suppose 4*r - 2062 = -23*t + 21*t, -3*r = 2*t - 1546. What is the remainder when r is divided by 66?
54
Suppose -11780 = -389*m + 265*m. What is the remainder when 21469 is divided by m?
94
Let p = -8826 - -9029. Calculate the remainder when 8117 is divided by p.
200
Suppose -2*h + 1133 = -109. Suppose 22*o = -o + h. What is the remainder when o is divided by 19?
8
Let w be 65 - 3/(-6)*2. Let y(g) = -9*g + 479. Let o be y(53). Suppose -o*l = -w - 10. What is the remainder when l is divided by 10?
8
Suppose -4*p + 385 + 3 = a, -97 = -p + 5*a. Suppose 4*h = 5*u + 340, -2*u = -3*u - 5*h - p. Let c = 134 + u. Calculate the remainder when c is divided by 13.
10
Let n(b) = b**3 - 3*b**2 - 6*b + 14. Let c be n(4). Let i be c/4*(624/(-9))/(-8). Suppose i*z + 88 = 348. Calculate the remainder when 99 is divided by z.
19
Suppose -5*r - 139 = -9*d - 3393, -4*d = r - 674. Calculate the remainder when r is divided by 37.
29
Let g(a) = -11*a - 30. Let b be g(-3). Suppose -317 + 80 = -b*t. Calculate the remainder when t is divided by 8.
7
Let j = -5428 + 5476. Suppose -2*q + 0*q - 14 = 0. Calculate the remainder when j is divided by q - -8 - 6*-2.
9
Suppose 8*o - 245 = o. Let a = -120 + 124. Suppose a*j = 2*l + 76, 0*j - 5*l - 76 = -4*j. What is the remainder when o is divided by j?
16
Let t be 69/(-4) - 18/24. Let q be 3/(-9) + (-1122)/t. Calculate the remainder when q*((-6)/4)/(-3) is divided by 9.
4
Let i be (-14)/(2*3/(-27)). Suppose -n + 2*r = -2 - i, 0 = 5*n - 5*r - 310. Calculate the remainder when n is divided by 15.
14
Suppose -p + 351 = 8*p. Suppose p + 17 = 2*w. Suppose w = 2*r - 12. Calculate the remainder when r is divided by 12.
8
What is the remainder when 1006 is divided by ((-10)/(-135) + 18055/(-621))/(0 - 1)?
20
Let y(u) be the third derivative of -5*u**4/12 + 45*u**3 - 102*u**2 - 2*u. What is the remainder when y(17) is divided by 4?
0
Let a(q) = -2*q**2 - 11*q - 20. Let d be a(-4). Calculate the remainder when 21 is divided by (-88)/(-10) + (440/(-50) - d).
5
Let v(h) = 3*h**2 + 5. Let g be v(3). Let x = g + -13. Let n = x - -6. What is the remainder when n is divided by 7?
4
Suppose 5*a + a = 144. Suppose -5*r - 5*o + 20 = -70, 3*o = -9. What is the remainder when (-6)/(a/(-316)) - -1 is divided by r?
17
Let k(q) = 4*q**2 + 49*q + 12. Let l be k(-17). Let i = 347 - l. What is the remainder when 79 is divided by i?
7
Let z = 450 - 457. Let c = 11 + -14. What is the remainder when (z/c)/((28/12)/7) is divided by 3?
1
Suppose -d + 339 = 3*t, -102 = -t - 12*d + 8*d. Calculate the remainder when 1106 is divided by t.
80
Suppose 0*j - 70 = -14*j. Suppose f - 168 + 45 = -j*a, -2*f - 2*a + 214 = 0. Calculate the remainder when f is divided by 21.
19
Let i be (44/12 - 4)*0 - -11. What is the remainder when 130 is divided by ((-2)/6*3)/(i/(-440))?
10
Let x(o) = -o**3 - 2*o**2 + 6*o + 9. Let u be x(-5). Let f be (-28)/12*(25 + -1). What is the remainder when 69 is divided by (u/(-21))/((30/f)/5)?
21
Let z(o) = -9*o + 16. What is the remainder when z(-16) is divided by 15?
10
Suppose 0 = 4*h - 5*c - 3, -5*h = 3*c - 7*c - 6. Let q be h/3 + (-8)/12. Suppose -t + 33 - 11 = q. Calculate the remainder when 63 is divided by t.
19
Let d(r) = r**3 + 8*r**2 + 7*r. Let k(x) = -120*x - 826. What is the remainder when d(-5) is divided by k(-7)?
12
Let v = 88 - 86. Let q(f) = f + 11. Let w be q(-9). Suppose -3*i = -5*i + w. Calculate the remainder when v is divided by i.
0
Let c = 209 + -207. Suppose 2*s = 3*r - 343, 10*s - 8*s = -c*r + 232. What is the remainder when r is divided by 11?
5
Let q(j) = -j**3 + 44*j**2 + 299*j + 561. Calculate the remainder when q(50) is divided by 56.
7
Suppose 164*c + 53 = 165*c. Suppose -8*i + 56 = -6*i. What is the remainder when c is divided by i?
25
Suppose 0 = -0*s - 2*s + g + 175, -s = 4*g - 74. What is t